- 192. Give b(32).
-64
Let n(a) = 31*a + 266. Give n(-8).
18
Let d(p) = 3*p**2 - 462*p + 3530. Give d(8).
26
Let y(u) = 2*u**2 - 57*u + 349. Calculate y(24).
133
Let c(h) = h**3 - 36*h**2 - 223*h + 735. Calculate c(41).
-3
Let s(m) = 19*m**2 + 23*m + 20. Give s(-1).
16
Let o(g) = -5889*g - 76557. Give o(-13).
0
Let z(u) = -5*u**2 - 127*u - 499. Calculate z(-4).
-71
Let n(l) = -l**2 + 67*l + 4554. What is n(109)?
-24
Let o(r) = -r**3 + 10658*r**2 - 10657*r + 1. What is o(1)?
1
Let j(s) = 8*s - 63. Give j(-19).
-215
Let s(n) = -17*n**2 + 158*n - 50. Determine s(9).
-5
Let c(t) = -32*t**2 + 124*t + 7. Give c(4).
-9
Let f(n) = -n**3 + 2*n**2 + 60*n - 121. Give f(2).
-1
Let o(v) = -v**2 + 75*v - 941. Calculate o(17).
45
Let k(w) = -2*w**3 - 2*w**2 - 53*w + 112. Give k(2).
-18
Let a(g) = g**2 - 31*g - 4460. Give a(-53).
-8
Let p(a) = -4*a**2 + 297*a - 3631. Give p(59).
-32
Let p(w) = w**3 + 24*w**2 + 141*w - 1. Calculate p(-14).
-15
Let h(p) = -148*p + 705. Give h(5).
-35
Let q(t) = -119*t + 212. Give q(2).
-26
Let r(z) = z**3 - 29*z**2 + 162*z + 26. Determine r(20).
-334
Let u(g) = -201*g + 1387. Calculate u(7).
-20
Let f(a) = -25*a + 109. Calculate f(9).
-116
Let l(u) = -3*u**3 + 69*u**2 + 6*u - 142. Give l(23).
-4
Let j(w) = 43*w**2 + 20*w - 71. Calculate j(2).
141
Let y(r) = -74*r**3 - 5*r**2 - 5*r + 2. Determine y(-1).
76
Let q(i) = 2*i**2 + 665*i + 1982. Determine q(-3).
5
Let b(o) = o**3 - 92*o**2 + 1037*o - 800. Calculate b(79).
-10
Let o(i) = 3*i**3 + 156*i**2 + 156*i + 150. Determine o(-51).
-3
Let u(y) = 13*y - 152. Calculate u(14).
30
Let q(l) = -48*l**2 - 389*l + 24. Give q(-8).
64
Let g(u) = 10*u**2 - 174*u + 175. Calculate g(1).
11
Let w(f) = f**3 + 50*f**2 - 48*f + 90. What is w(-51)?
-63
Let n(h) = -2*h**2 + 288*h - 6841. Give n(30).
-1
Let v(t) = 1520*t - 9142. Calculate v(6).
-22
Let k(s) = -35*s - 185. Determine k(-4).
-45
Let n(c) = -6*c**3 + 4*c**2 + 16*c - 1. Calculate n(-2).
31
Let o(b) = -b**3 - 17*b**2 - 62*b + 47. What is o(-11)?
3
Let z(r) = -4395*r - 4403. Give z(-1).
-8
Let q(o) = -403*o - 34254. Give q(-85).
1
Let g(p) = -23*p + 1627. Give g(70).
17
Let a(k) = -444*k - 3102. Calculate a(-7).
6
Let p(n) = n**3 - 95*n**2 - 714*n + 13. What is p(102)?
13
Let j(y) = 39*y + 1088. Calculate j(-28).
-4
Let i(w) = 107*w + 1593. Calculate i(-15).
-12
Let m(r) = 12204*r + 48812. What is m(-4)?
-4
Let b(h) = -h**3 - 77*h**2 + 11*h + 847. What is b(-77)?
0
Let q(z) = -5*z**2 - 35. Give q(7).
-280
Let v(o) = 7*o - 89. Calculate v(0).
-89
Let v(x) = -6*x - 92. Calculate v(-5).
-62
Let c(f) = -180*f - 4503. What is c(-25)?
-3
Let u(a) = 4*a**3 - 14*a**2 - 5*a + 4. Calculate u(7).
655
Let h(o) = 10*o + 122. Give h(-28).
-158
Let t(p) = -65*p - 225. Determine t(-3).
-30
Let y(m) = -8*m - 101. What is y(-12)?
-5
Let c(g) = -g**3 + 53*g**2 + 57*g - 130. Give c(54).
32
Let x(b) = -495*b + 6483. Determine x(13).
48
Let t(p) = -76*p**2 - 452*p - 9. Determine t(-6).
-33
Let q(d) = -630*d + 3779. Determine q(6).
-1
Let s(i) = -i**2 + 177*i + 7555. Determine s(-36).
-113
Let g(c) = 96*c - 2160. Calculate g(23).
48
Let c(x) = -25*x - 1357. Calculate c(-55).
18
Let j(v) = v**3 - 117*v**2 + 91*v + 2891. What is j(116)?
-9
Let v(u) = 3*u**3 - 147*u**2 + 987*u - 128. Determine v(41).
-5
Let b(f) = f + 11. Give b(-9).
2
Let u(k) = -k**3 - 47*k**2 - 13*k - 651. Give u(-47).
-40
Let j(f) = 2*f**2 + 114*f - 1018. Calculate j(-64).
-122
Let z(p) = -14*p + 79. Calculate z(-22).
387
Let n(y) = 45*y + 624. Calculate n(-14).
-6
Let n(t) = 658*t**2 - 6*t + 5. Determine n(1).
657
Let p(l) = -15*l - 32. Calculate p(2).
-62
Let f(k) = 80*k + 508. Give f(-9).
-212
Let g(z) = z**3 + z**2 + 14*z + 51. Calculate g(-3).
-9
Let r(z) = -4*z**2 - 31*z + 1893. Determine r(-26).
-5
Let c(t) = 2*t**3 - 50*t**2 + 17*t - 415. What is c(25)?
10
Let r(w) = w**2 + 818*w + 4082. Calculate r(-5).
17
Let d(v) = 238*v + 10253. Give d(-43).
19
Let s(a) = a**3 - 11*a**2 + 135*a - 641. Calculate s(6).
-11
Let v(z) = -935*z - 6536. Calculate v(-7).
9
Let y(f) = -f**3 + 21*f**2 + f - 12. Calculate y(21).
9
Let w(s) = -21*s**3 - 13*s**2 + 14*s - 3. Determine w(1).
-23
Let c(h) = h**2 - 930*h - 26819. What is c(-28)?
5
Let w(y) = -2*y**2 + 446*y - 8479. Give w(202).
5
Let n(o) = 2*o**3 + 176*o**2 - 178*o - 1. What is n(-89)?
-1
Let r(k) = 162*k - 14760. What is r(91)?
-18
Let v(o) = 118*o + 1714. What is v(-14)?
62
Let o(x) = 7*x**2 + 34*x - 70. What is o(3)?
95
Let g(z) = z**2 + 89*z + 718. Give g(-9).
-2
Let w(x) = 4*x**2 - 8*x - 27. What is w(-9)?
369
Let y(g) = g**2 - 13*g + 30. Give y(4).
-6
Let d(i) = 502*i - 1462. What is d(3)?
44
Let w(m) = 7*m**3 + 10*m**2 - 9*m - 4. Determine w(2).
74
Let h(x) = -x**2 - 1869*x + 20689. Give h(11).
9
Let b(z) = z**2 - 57*z + 118. What is b(55)?
8
Let r(b) = 6*b**3 + 97*b**2 + 55*b + 599. What is r(-16)?
-25
Let q(m) = -m**2 - 52*m - 276. Determine q(-5).
-41
Let a(w) = 2*w**2 - 15*w + 6. Calculate a(2).
-16
Let p(c) = 82*c - 5035. Determine p(61).
-33
Let f(d) = d**3 - 35*d**2 + 30*d + 90. What is f(34)?
-46
Let a(n) = n**3 - 40*n**2 + 36*n + 118. Give a(39).
1
Let n(a) = -6*a**2 + 9. What is n(-3)?
-45
Let q(m) = -3*m**2 - 4192*m + 16780. Calculate q(4).
-36
Let y(m) = -m**3 + 26*m**2 - 177*m + 69. Calculate y(14).
-57
Let j(g) = -g**3 - 15*g**2 - 21*g + 4. Give j(-10).
-286
Let z(u) = 22*u - 311. What is z(14)?
-3
Let v(m) = m**3 + 8*m**2 - 48*m - 9. What is v(-12)?
-9
Let m(c) = 779*c + 2319. Calculate m(-3).
-18
Let a(b) = -52*b**2 - 470*b + 4. Calculate a(-9).
22
Let b(c) = 9*c**2 + 35*c - 37. Give b(1).
7
Let c(t) = 10*t**2 - 134*t + 437. Determine c(6).
-7
Let a(i) = i**2 - 69*i - 245. Give a(0).
-245
Let k(p) = p**3 + 34*p**2 + 96*p - 47. Calculate k(-31).
-140
Let n(h) = -h**2 - 17*h - 57. Calculate n(-7).
13
Let f(c) = -2*c**2 + 173*c - 735. Calculate f(82).
3
Let o(w) = w**3 - 31*w**2 - 102*w - 150. Determine o(34).
-150
Let j(g) = 12*g - 154. Give j(17).
50
Let o(l) = -l**2 - 34*l + 463. Give o(-41).
176
Let g(o) = -3*o**2 + 14*o + 263. Determine g(-8).
-41
Let u(z) = -5*z**3 - 13*z**2 - 9*z - 10. What is u(-2)?
-4
Let g(n) = -n**3 - 7*n**2 - n - 10. Determine g(-7).
-3
Let t(b) = b**3 + 78*b**2 + 1517*b + 92. Give t(-37).
92
Let v(n) = 10*n**2 + 6*n + 15. What is v(-2)?
43
Let d(h) = 4*h**3 + 200*h**2 + 10*h + 501. Give d(-50).
1
Let m(q) = 2*q**2 + 26*q - 1093. Calculate m(18).
23
Let h(l) = -l**3 + 17*l**2 + 117*l - 221. What is h(22)?
-67
Let g(y) = -y**3 - 6*y + 12. Determine g(5).
-143
Let r(v) = v + 77. Calculate r(11).
88
Let h(g) = -2*g**3 - 77*g**2 + 21*g - 249. Calculate h(-39).
453
Let v(z) = -3*z**2 + 3*z + 2. What is v(0)?
2
Let f(s) = 9*s - 19. Give f(1).
-10
Let g(w) = w**2 + 14*w + 2. Calculate g(-16).
34
Let s(a) = -6*a**2 + 75*a - 65. Give s(10).
85
Let w(h) = 130*h + 378. Determine w(-2).
118
Let h(l) = 39*l**2 - 397*l + 77. Give h(10).
7
Let h(t) = t + 10. Calculate h(9).
19
Let h(y) = -y**3 + 9*y**2 + 18*y + 72. Determine h(11).
28
Let u(o) = 100*o**2 + 394*o - 29. Calculate u(-4).
-5
Let t(u) = 41*u**3 - 2*u**2 + 5*u - 4. What is t(1)?
40
Let s(x) = -315*x - 2248. Determine s(-7).
-43
Let r(u) = u**3 + 19*u**2 - 144*u - 7. Give r(6).
29
Let b(v) = -189*v + 7. Give b(0).
7
Let u(w) = -2490*w - 34862. Determine u(-14).
-2
Let c(l) = 123*l - 7373. Give c(60).
7
Let g(k) = -k**3 - 25*k**2 + 2*k + 81. What is g(-25)?
31
Let h(g) = g**3 + 8*g**2 + 17*g - 80. What is h(-11)?
-630
Let g(v) = 1901*v + 119763. Give g(-63).
0
Let f(r) = -208*r + 1640. Determine f(8).
-24
Let s(x) = x**3 - 19*x**2 + 70*x - 1. Give s(14).
-1
Let c(a) = a**2 + 14*a + 41. What is c(-4)?
1
Let h(s) = s**2 - 16*s - 172. What is h(23)?
-11
Let o(k) = k**2 - 15*k - 44. Calculate o(15).
-44
Let u(v) = -5*v**2 - 43*v + 227. Calculate u(5).
-113
Let p(k) = 265*k - 1005. Determine p(3).
-210
Let d(k) = -172*k - 160. Determine d(0).
-160
Let m(j) = j**2 - 482*j - 2922. Calculate m(-6).
6
Let z(w) = -3*w**2 + 25*w + 781. Calculate z(21).
-17
Let p(g) = -263*g - 3422. Determine p(-13).
-3
Let p(h) = 2*h**2 - 45*h - 110. Determine p(24).
-38
Let y(o) = o**3 + 7*o**2 - 6*o - 16. Give y(-7).
26
Let g(i) = 4161*i - 24957. Calculate g(6).
9
Let g(a) = 224*a + 13100. Determine g(-59).
-116
Let a(q) = -22*q - 216. Calculate a(-11).
26
Let h(p) = -2*p**3 -